{"id":5090,"date":"2023-09-01T17:07:29","date_gmt":"2023-09-01T15:07:29","guid":{"rendered":"https:\/\/jarnac-champagne.fr\/\/\/?page_id=5090"},"modified":"2024-11-17T16:49:12","modified_gmt":"2024-11-17T15:49:12","slug":"sophrologie","status":"publish","type":"page","link":"https:\/\/jarnac-champagne.fr\/index.php\/sports-et-loisirs\/sophrologie\/","title":{"rendered":"Sophrologie"},"content":{"rendered":"\n<p>En mettant \u00e0 disposition une salle communale, la municipalit\u00e9 est partenaire de <strong><mark style=\"background-color:rgba(0, 0, 0, 0)\" class=\"has-inline-color has-vivid-cyan-blue-color\">Ma Bulle Sophro <\/mark><\/strong>afin de vous offrir une activit\u00e9 suppl\u00e9mentaire.<\/p>\n\n\n\n<p><strong><mark style=\"background-color:rgba(0, 0, 0, 0)\" class=\"has-inline-color has-pale-pink-color\">Les s\u00e9ances collectives reprennent le lundi 16 septembre dans la salle \u00ab\u00a0zen\u00a0\u00bb \u00e0 c\u00f4t\u00e9 de la micro-cr\u00e8che (ancienne \u00e9cole), le lundi de 10h \u00e0 11h30 ou de 18h30 \u00e0 20h sur inscription, le nombre est limit\u00e9 \u00e0 9<\/mark><\/strong> <strong><mark style=\"background-color:rgba(0, 0, 0, 0)\" class=\"has-inline-color has-pale-pink-color\">personnes.<\/mark><\/strong><\/p>\n\n\n\n<p>N&rsquo;h\u00e9sitez pas \u00e0 prendre contact avec Mme Larrieux qui vous r\u00e9servera le meilleur accueil.<\/p>\n\n\n\n<figure class=\"wp-block-image aligncenter size-large\"><img loading=\"lazy\" decoding=\"async\" width=\"724\" height=\"1024\" src=\"https:\/\/jarnac-champagne.fr\/\/\/wp-content\/uploads\/2024\/11\/Laffiche-jarnac-champagne-724x1024.png\" alt=\"\" class=\"wp-image-6583\" srcset=\"https:\/\/jarnac-champagne.fr\/wp-content\/uploads\/2024\/11\/Laffiche-jarnac-champagne-724x1024.png 724w, https:\/\/jarnac-champagne.fr\/wp-content\/uploads\/2024\/11\/Laffiche-jarnac-champagne-212x300.png 212w, https:\/\/jarnac-champagne.fr\/wp-content\/uploads\/2024\/11\/Laffiche-jarnac-champagne-768x1086.png 768w, https:\/\/jarnac-champagne.fr\/wp-content\/uploads\/2024\/11\/Laffiche-jarnac-champagne-1086x1536.png 1086w, https:\/\/jarnac-champagne.fr\/wp-content\/uploads\/2024\/11\/Laffiche-jarnac-champagne-1320x1867.png 1320w, https:\/\/jarnac-champagne.fr\/wp-content\/uploads\/2024\/11\/Laffiche-jarnac-champagne.png 1414w\" sizes=\"auto, (max-width: 724px) 100vw, 724px\" \/><\/figure>\n\n\n<a href=\"https:\/\/jarnac-champagne.fr\/\/\/wp-content\/uploads\/2023\/09\/Ma_Bulle_Sophro.pdf\" class=\"pdfemb-viewer\" style=\"\" data-width=\"max\" data-height=\"max\" data-toolbar=\"bottom\" data-toolbar-fixed=\"off\">Ma_Bulle_Sophro<\/a>\n<p class=\"wp-block-pdfemb-pdf-embedder-viewer\"><\/p>\n\n\n\n<p><em>Cliquer sur les fl\u00e8ches pour faire d\u00e9filer le PDF (2 pages).<\/em><\/p>\n","protected":false},"excerpt":{"rendered":"<p>En mettant \u00e0 disposition une salle communale, la municipalit\u00e9 est partenaire de Ma Bulle Sophro afin de vous offrir une<\/p>\n","protected":false},"author":1,"featured_media":0,"parent":312,"menu_order":0,"comment_status":"closed","ping_status":"closed","template":"","meta":{"colormag_page_container_layout":"default_layout","colormag_page_sidebar_layout":"default_layout","footnotes":""},"class_list":["post-5090","page","type-page","status-publish","hentry"],"_links":{"self":[{"href":"https:\/\/jarnac-champagne.fr\/index.php\/wp-json\/wp\/v2\/pages\/5090","targetHints":{"allow":["GET"]}}],"collection":[{"href":"https:\/\/jarnac-champagne.fr\/index.php\/wp-json\/wp\/v2\/pages"}],"about":[{"href":"https:\/\/jarnac-champagne.fr\/index.php\/wp-json\/wp\/v2\/types\/page"}],"author":[{"embeddable":true,"href":"https:\/\/jarnac-champagne.fr\/index.php\/wp-json\/wp\/v2\/users\/1"}],"replies":[{"embeddable":true,"href":"https:\/\/jarnac-champagne.fr\/index.php\/wp-json\/wp\/v2\/comments?post=5090"}],"version-history":[{"count":6,"href":"https:\/\/jarnac-champagne.fr\/index.php\/wp-json\/wp\/v2\/pages\/5090\/revisions"}],"predecessor-version":[{"id":6584,"href":"https:\/\/jarnac-champagne.fr\/index.php\/wp-json\/wp\/v2\/pages\/5090\/revisions\/6584"}],"up":[{"embeddable":true,"href":"https:\/\/jarnac-champagne.fr\/index.php\/wp-json\/wp\/v2\/pages\/312"}],"wp:attachment":[{"href":"https:\/\/jarnac-champagne.fr\/index.php\/wp-json\/wp\/v2\/media?parent=5090"}],"curies":[{"name":"wp","href":"https:\/\/api.w.org\/{rel}","templated":true}]}}

<p>En mettant à disposition une salle communale, la municipalité est partenaire de <strong><mark style="background-color:rgba(0, 0, 0, 0)" class="has-inline-color has-vivid-cyan-blue-color">Ma Bulle Sophro </mark></strong>afin de vous offrir une activité supplémentaire.</p>



<p><strong><mark style="background-color:rgba(0, 0, 0, 0)" class="has-inline-color has-pale-pink-color">Les séances collectives reprennent le lundi 16 septembre dans la salle « zen » à côté de la micro-crèche (ancienne école), le lundi de 10h à 11h30 ou de 18h30 à 20h sur inscription, le nombre est limité à 9</mark></strong> <strong><mark style="background-color:rgba(0, 0, 0, 0)" class="has-inline-color has-pale-pink-color">personnes.</mark></strong></p>



<p>N&rsquo;hésitez pas à prendre contact avec Mme Larrieux qui vous réservera le meilleur accueil.</p>



<figure class="wp-block-image aligncenter size-large"><img loading="lazy" decoding="async" width="724" height="1024" src="https://jarnac-champagne.fr///wp-content/uploads/2024/11/Laffiche-jarnac-champagne-724x1024.png" alt="" class="wp-image-6583" srcset="https://jarnac-champagne.fr/wp-content/uploads/2024/11/Laffiche-jarnac-champagne-724x1024.png 724w, https://jarnac-champagne.fr/wp-content/uploads/2024/11/Laffiche-jarnac-champagne-212x300.png 212w, https://jarnac-champagne.fr/wp-content/uploads/2024/11/Laffiche-jarnac-champagne-768x1086.png 768w, https://jarnac-champagne.fr/wp-content/uploads/2024/11/Laffiche-jarnac-champagne-1086x1536.png 1086w, https://jarnac-champagne.fr/wp-content/uploads/2024/11/Laffiche-jarnac-champagne-1320x1867.png 1320w, https://jarnac-champagne.fr/wp-content/uploads/2024/11/Laffiche-jarnac-champagne.png 1414w" sizes="auto, (max-width: 724px) 100vw, 724px" /></figure>


<a href="https://jarnac-champagne.fr///wp-content/uploads/2023/09/Ma_Bulle_Sophro.pdf" class="pdfemb-viewer" style="" data-width="max" data-height="max" data-toolbar="bottom" data-toolbar-fixed="off">Ma_Bulle_Sophro</a>
<p class="wp-block-pdfemb-pdf-embedder-viewer"></p>



<p><em>Cliquer sur les flèches pour faire défiler le PDF (2 pages).</em></p>

<p>En mettant à disposition une salle communale, la municipalité est partenaire de Ma Bulle Sophro afin de vous offrir une</p>
