{"id":673,"date":"2020-07-07T00:22:23","date_gmt":"2020-07-06T22:22:23","guid":{"rendered":"https:\/\/jarnac-champagne.fr\/\/\/?page_id=673"},"modified":"2022-10-16T22:45:09","modified_gmt":"2022-10-16T20:45:09","slug":"bibliotheque-les-amis-du-livre","status":"publish","type":"page","link":"https:\/\/jarnac-champagne.fr\/index.php\/bibliotheque-les-amis-du-livre\/","title":{"rendered":"Biblioth\u00e8que \u00ab\u00a0Les Amis du Livre\u00a0\u00bb"},"content":{"rendered":"\n<p>La biblioth\u00e8que \u00ab&nbsp;Les Amis du Livre&nbsp;\u00bb vous accueille toute l&rsquo;ann\u00e9e&nbsp;:<\/p>\n\n\n\n<p><mark style=\"background-color:rgba(0, 0, 0, 0)\" class=\"has-inline-color has-vivid-purple-color\">Le mercredi\u00a0 de\u00a0 9h \u00e0 12h et de 16h \u00e0 18h<\/mark><\/p>\n\n\n\n<p><mark style=\"background-color:rgba(0, 0, 0, 0)\" class=\"has-inline-color has-vivid-cyan-blue-color\"><strong>En p\u00e9riode scolaire\u00a0:\u00a0<\/strong><\/mark><\/p>\n\n\n\n<p><mark style=\"background-color:rgba(0, 0, 0, 0)\" class=\"has-inline-color has-vivid-cyan-blue-color\"><strong>le vendredi de 15h \u00e0 17h\u00a0<\/strong><\/mark><\/p>\n\n\n\n<p><mark style=\"background-color:rgba(0, 0, 0, 0)\" class=\"has-inline-color has-vivid-cyan-blue-color\"><strong>Le samedi de 10h \u00e0 12h<\/strong><\/mark><\/p>\n\n\n\n<p class=\"has-luminous-vivid-orange-color has-text-color\"><strong><mark style=\"background-color:rgba(0, 0, 0, 0)\" class=\"has-inline-color has-luminous-vivid-orange-color\">Place de la Mairie \u2013 Jarnac Champagne<\/mark> &#8211; T\u00e9l : 05 46 49 53 10<\/strong><\/p>\n\n\n\n<p>Vous y trouverez, pour les jeunes et les adultes,&nbsp; un grand choix de romans, documentaires, revues, BD, Mangas, CD, livres audio&nbsp;.<\/p>\n\n\n\n<p>Nous vous tiendrons au courant des derniers achats effectu\u00e9s et des animations organis\u00e9es au cours de l&rsquo;ann\u00e9e.<\/p>\n\n\n\n<p>Vous pouvez nous contacter par mail\u00a0: <strong>bibliotheque.jarnac17@laposte.net<\/strong><\/p>\n\n\n\n<p class=\"has-vivid-cyan-blue-color has-text-color\"><strong>Pr\u00e9sidente : Mme Monique GUERIN<\/strong><\/p>\n\n\n\n<figure class=\"wp-block-gallery has-nested-images columns-default is-cropped wp-block-gallery-1 is-layout-flex wp-block-gallery-is-layout-flex\">\n<figure class=\"wp-block-image size-large\"><img loading=\"lazy\" decoding=\"async\" width=\"1224\" height=\"1632\" data-id=\"104\" src=\"https:\/\/jarnac-champagne.fr\/\/\/wp-content\/uploads\/2020\/02\/Bibli-rotated.jpg\" alt=\"\" class=\"wp-image-104\" srcset=\"https:\/\/jarnac-champagne.fr\/wp-content\/uploads\/2020\/02\/Bibli-rotated.jpg 1224w, https:\/\/jarnac-champagne.fr\/wp-content\/uploads\/2020\/02\/Bibli-225x300.jpg 225w, https:\/\/jarnac-champagne.fr\/wp-content\/uploads\/2020\/02\/Bibli-768x1024.jpg 768w, https:\/\/jarnac-champagne.fr\/wp-content\/uploads\/2020\/02\/Bibli-1152x1536.jpg 1152w\" sizes=\"auto, (max-width: 1224px) 100vw, 1224px\" \/><\/figure>\n<\/figure>\n","protected":false},"excerpt":{"rendered":"<p>La biblioth\u00e8que \u00ab&nbsp;Les Amis du Livre&nbsp;\u00bb vous accueille toute l&rsquo;ann\u00e9e&nbsp;: Le mercredi\u00a0 de\u00a0 9h \u00e0 12h et de 16h \u00e0<\/p>\n","protected":false},"author":1,"featured_media":0,"parent":0,"menu_order":0,"comment_status":"closed","ping_status":"closed","template":"","meta":{"colormag_page_container_layout":"default_layout","colormag_page_sidebar_layout":"default_layout","footnotes":""},"class_list":["post-673","page","type-page","status-publish","hentry"],"_links":{"self":[{"href":"https:\/\/jarnac-champagne.fr\/index.php\/wp-json\/wp\/v2\/pages\/673","targetHints":{"allow":["GET"]}}],"collection":[{"href":"https:\/\/jarnac-champagne.fr\/index.php\/wp-json\/wp\/v2\/pages"}],"about":[{"href":"https:\/\/jarnac-champagne.fr\/index.php\/wp-json\/wp\/v2\/types\/page"}],"author":[{"embeddable":true,"href":"https:\/\/jarnac-champagne.fr\/index.php\/wp-json\/wp\/v2\/users\/1"}],"replies":[{"embeddable":true,"href":"https:\/\/jarnac-champagne.fr\/index.php\/wp-json\/wp\/v2\/comments?post=673"}],"version-history":[{"count":4,"href":"https:\/\/jarnac-champagne.fr\/index.php\/wp-json\/wp\/v2\/pages\/673\/revisions"}],"predecessor-version":[{"id":3949,"href":"https:\/\/jarnac-champagne.fr\/index.php\/wp-json\/wp\/v2\/pages\/673\/revisions\/3949"}],"wp:attachment":[{"href":"https:\/\/jarnac-champagne.fr\/index.php\/wp-json\/wp\/v2\/media?parent=673"}],"curies":[{"name":"wp","href":"https:\/\/api.w.org\/{rel}","templated":true}]}}

Bibliothèque « Les Amis du Livre »

<p>La bibliothèque «&nbsp;Les Amis du Livre&nbsp;» vous accueille toute l&rsquo;année&nbsp;:</p>



<p><mark style="background-color:rgba(0, 0, 0, 0)" class="has-inline-color has-vivid-purple-color">Le mercredi  de  9h à 12h et de 16h à 18h</mark></p>



<p><mark style="background-color:rgba(0, 0, 0, 0)" class="has-inline-color has-vivid-cyan-blue-color"><strong>En période scolaire : </strong></mark></p>



<p><mark style="background-color:rgba(0, 0, 0, 0)" class="has-inline-color has-vivid-cyan-blue-color"><strong>le vendredi de 15h à 17h </strong></mark></p>



<p><mark style="background-color:rgba(0, 0, 0, 0)" class="has-inline-color has-vivid-cyan-blue-color"><strong>Le samedi de 10h à 12h</strong></mark></p>



<p class="has-luminous-vivid-orange-color has-text-color"><strong><mark style="background-color:rgba(0, 0, 0, 0)" class="has-inline-color has-luminous-vivid-orange-color">Place de la Mairie – Jarnac Champagne</mark> &#8211; Tél : 05 46 49 53 10</strong></p>



<p>Vous y trouverez, pour les jeunes et les adultes,&nbsp; un grand choix de romans, documentaires, revues, BD, Mangas, CD, livres audio&nbsp;.</p>



<p>Nous vous tiendrons au courant des derniers achats effectués et des animations organisées au cours de l&rsquo;année.</p>



<p>Vous pouvez nous contacter par mail : <strong>bibliotheque.jarnac17@laposte.net</strong></p>



<p class="has-vivid-cyan-blue-color has-text-color"><strong>Présidente : Mme Monique GUERIN</strong></p>



<figure class="wp-block-gallery has-nested-images columns-default is-cropped wp-block-gallery-1 is-layout-flex wp-block-gallery-is-layout-flex">
<figure class="wp-block-image size-large"><img loading="lazy" decoding="async" width="1224" height="1632" data-id="104" src="https://jarnac-champagne.fr///wp-content/uploads/2020/02/Bibli-rotated.jpg" alt="" class="wp-image-104" srcset="https://jarnac-champagne.fr/wp-content/uploads/2020/02/Bibli-rotated.jpg 1224w, https://jarnac-champagne.fr/wp-content/uploads/2020/02/Bibli-225x300.jpg 225w, https://jarnac-champagne.fr/wp-content/uploads/2020/02/Bibli-768x1024.jpg 768w, https://jarnac-champagne.fr/wp-content/uploads/2020/02/Bibli-1152x1536.jpg 1152w" sizes="auto, (max-width: 1224px) 100vw, 1224px" /></figure>
</figure>

<p>La bibliothèque «&nbsp;Les Amis du Livre&nbsp;» vous accueille toute l&rsquo;année&nbsp;: Le mercredi  de  9h à 12h et de 16h à</p>
